))/1). Let m(s) = -q - 3*s + 0 + 2*s. Determine m(x).
-4
Let r(j) = -j**2 + 10*j - 30. Suppose -28*k + 12 = -26*k. What is r(k)?
-6
Suppose -11 = w - 5. Let j(b) = -7*b**3 - b + 10. Let h(y) = -y**3. Let g(m) = w*h(m) + j(m). Calculate g(0).
10
Let k(o) = -o**2 + o - 4. Let x be k(3). Let t be 58/x - 4/20. Let m(i) be the first derivative of i**2/2 + 6*i - 4. Calculate m(t).
0
Let i(n) = -n - 2. Let s(a) = -3*a - 5. Let m(h) = -11*i(h) + 4*s(h). Let g be m(0). Let y(k) = -3*k**2 - 5*k**2 - k + 5*k**2 - g - 2*k. Give y(-2).
-8
Let x(a) be the first derivative of a**4/4 - 5*a**3/3 - 3*a**2 + a + 41. Suppose 5*n + m - 3*m = 26, 6 = 2*n - 3*m. Determine x(n).
1
Let v = 32 - 22. Suppose 0 = p - 3*p + v, -3*q - 41 = -4*p. Let z(h) = 2*h + 8. Give z(q).
-6
Let v(s) = 5 - 6 + 2. Let x(w) = -2*w + 10. Let h(c) = 4*c - 35. Let m be h(9). Let n(k) = m*x(k) - 4*v(k). Give n(4).
-2
Let i(d) = d**2 + 25 - 10 - 10 + 6*d. Calculate i(-5).
0
Let u(x) = x**3 - 6*x**2 + 2*x - 14. Suppose -2*d - 15*j + 22 = -20*j, -24 = -5*d - 3*j. Determine u(d).
-2
Let o = -978 - -981. Let p(s) = -s**2 + 6*s - 3. What is p(o)?
6
Let v(m) = -m**2 + 12*m + 16. Suppose 5*t - 54 = 3*o, -o + 16 = 2*t - 5*o. Determine v(t).
16
Let c(v) = -v**3 - 1. Let h(g) = 4*g**3 + 7. Let u be (-2)/(24/(-18) + (-4)/6). Let b(w) = u*h(w) + 3*c(w). Suppose 0 = -q + 2*q. What is b(q)?
4
Let p(t) = -t**2 + 17*t - 7. Suppose 3*o + 177 - 210 = 0. Calculate p(o).
59
Let c(s) = -s**3 - s**2 + s + 8. Suppose h - 84 = 7*h. Suppose -28 = 7*q - 9*q. Let i = q + h. Determine c(i).
8
Let x(y) = 15*y - 298. Let k be x(21). Let p(b) = -b**2 + 19*b - 38. Give p(k).
-4
Let k = -23 - -23. Let c be -3 + (-3 - k/1). Let a(d) = d**2 + 6*d + 2. Give a(c).
2
Let g(t) = -t + 7. Let w(f) = -f + 8. Let v(l) = -4*g(l) + 3*w(l). Let a(z) = -z - 4. Let s be a(-10). Suppose s*k - 2*k = 20. Give v(k).
1
Let y(t) be the first derivative of t**2/2 - 3*t + 75. Suppose -r - 20 = -6*r. Let k = r - 4. Determine y(k).
-3
Let q = -11 - -13. Suppose -5*v + 2*d = -9 - 12, 6 = -q*d. Let z(o) = 2*o + 5. Let u(j) = 1. Let t(k) = 5*u(k) - z(k). Give t(v).
-6
Let v(y) = -y**2 + 5*y + 1. Suppose 5*w = -5, -4*l + w = -0*w - 29. Let i = -3 + l. Determine v(i).
5
Let r(s) = -45*s**2 - 11*s**2 - 12 + 5 - 9 - 10*s. Let m(n) = -11*n**2 - 2*n - 3. Let a(i) = -11*m(i) + 2*r(i). Determine a(-1).
8
Let r(m) = -7*m**2 - 3*m**3 - 22 - 5*m + 8 - 17*m**3 - 4*m**2. Let t(g) = 7*g**3 + 4*g**2 + 2*g + 5. Let a(p) = 4*r(p) + 11*t(p). Give a(1).
-2
Let a(m) = -3*m + 7. Let k(p) = 12*p - 11. Let w(s) = -12*s + 12. Let c(j) = 5*k(j) + 4*w(j). Let q be c(1). What is a(q)?
-8
Let u(x) = 2*x - 5. Let j be (((-4)/2)/(-2))/(56/(-112)). Let a be ((-85)/(-68))/(j/(-8)). Calculate u(a).
5
Suppose 22*l - 34*l - 84 = 0. Let p(f) = -f**3 - 8*f**2 - 6*f + 10. Determine p(l).
3
Let w be 2/(-4) - 27/(-18). Let z(t) = -18*t + 11*t + 9*t + w - 2. Let i(k) = 2*k - 1. Let h be i(-1). Determine z(h).
-7
Let q(i) be the third derivative of -i**5/60 + i**4/8 - i**3/3 + 66*i**2 - 3*i. Let d = -3 + 7. Determine q(d).
-6
Let x = 1806 + -1815. Let a(i) = -i - 21. Calculate a(x).
-12
Let o be ((-10)/15)/(2/(-15)). Suppose -o*l + 2*u - 3 = -11, -l - 4*u - 16 = 0. Let m(i) = -i + 0*i - i**3 - i**2 + 2*i**3. Give m(l).
0
Let d(h) = -10*h**2 - 19*h + 2. Let q(l) = 26*l**2 + 57*l - 5. Let i(w) = -8*d(w) - 3*q(w). Calculate i(9).
-10
Let d be 4 + -1 - (1 + 2). Let n(p) = p**3 - p**2 - p - 17. Calculate n(d).
-17
Suppose -2*k + 10 = -2*y, -3*k - 3*y + 20 = -y. Let c be 1*3/k*2. Let v(z) be the second derivative of 17*z**3/6 + z. Determine v(c).
17
Let h(k) = 7*k + 8. Let b(j) = -20*j - 24. Let f(s) = 2*s + 27. Let m be f(-12). Let a(o) = m*b(o) + 8*h(o). What is a(-6)?
16
Let z(q) = -10 + q**3 + 2*q**2 + 5 - 3*q + 0*q**3. Let i(d) = 2*d**3 + 3*d**2 - 5*d - 11. Let g(k) = -2*i(k) + 5*z(k). Calculate g(-5).
-3
Let w = 10 + -6. Let y(j) = -j**2 + 4*j - 4. Let g be y(w). Let r(d) = -d**2 - d + 1. Give r(g).
-11
Let o(x) = x + 6. Suppose 32*z + 14*z + 368 = 0. Calculate o(z).
-2
Let w(n) = 7*n + 23. Let s(t) = -10*t - 34. Let o(c) = -5*s(c) - 7*w(c). Determine o(-10).
-1
Let v(f) = -f**2 - 4*f + 1. Let g(j) = 3*j**2 - 72*j - 5. Let z be g(24). What is v(z)?
-4
Let s(n) = -n**3 - n**2 - n. Let r(g) be the first derivative of g**3/3 - g**2/2 - 2. Suppose 2 = -25*x + 27*x. Let y(p) = x*s(p) - 2*r(p). Determine y(-3).
-3
Let z(l) = -5*l**3 + 6*l**2 - 3*l - 15. Let x(q) = -3*q**3 + 4*q**2 - 2*q - 8. Let s(n) = 7*x(n) - 4*z(n). Determine s(3).
7
Let m be (-23)/((-138)/60) + -15. Let n(a) = a**3 + 4*a**2 - 6*a - 12. Calculate n(m).
-7
Let i(t) = -3*t**2 - 53*t + 25. Let x be (-2)/((-12)/27*(-1)/4). Let d be i(x). Let n(s) = s**3 - 6*s**2 - 8*s + 6. Calculate n(d).
-1
Suppose -n + 67 = 65, -2*r - 2*n + 6 = 0. Let i(w) be the first derivative of 0*w**2 + 0*w - 5/4*w**4 - 1/3*w**3 - 1. Calculate i(r).
-6
Suppose 4*b + 2 = 10. Let l be -3*(6/(-9) + b). Let p(d) = 1. Let q(u) = -3*u - 9. Let z(c) = 6*p(c) + q(c). Determine z(l).
9
Let h be (4/6)/(48/(-792)). Let a(j) = j + 8. Determine a(h).
-3
Let g(f) be the first derivative of -2*f**3/3 + 4*f**2 - 7*f - 1. Let j = -2758 - -2764. What is g(j)?
-31
Let t(w) = -4*w**2 + w - 1. Let v = 557 + -556. Give t(v).
-4
Let z(b) = -b + 1. Let o(p) = 3*p + 2. Let a(k) = -o(k) + 2*z(k). Suppose 3*i + 3*d = 18, 2*i - i - 16 = 4*d. Let r be (i/(-16))/(-2 + 5/2). What is a(r)?
5
Let a(r) = 2*r**2 - r + 9. Let i be a(3). Suppose 3*g - i = 9*g. Let s(z) = z**2 + 4*z - 4. Determine s(g).
-4
Suppose 0*y - 5 = y. Let b(g) = -4 + 48 - 3*g + 4*g**2 + 0 + g**3 - 37. Let l be b(y). Let n(d) = d**2 + 5*d - 2. What is n(l)?
-8
Let q(w) = -w**2 - 8*w + 24. Let r be q(-10). Let z(u) = -r + 4*u**3 - u + 5*u**3 + 3. What is z(-1)?
-9
Let h(s) be the second derivative of s**2 + 0*s**3 + 0 + 8*s - 1/12*s**4. What is h(-2)?
-2
Let n(l) be the second derivative of -l**4/12 - l**3 + 13*l**2/2 + 857*l. Calculate n(-7).
6
Let y(f) = -32*f - 228 + 231 - f**2 + 3*f**2 + 26*f - 3*f**2. Suppose 0 = 4*u + 7 + 17. Determine y(u).
3
Suppose 0*c + c - 4*t = 25, -4*t - 20 = 0. Let s(g) = 0 + c*g + 1 - g - 3*g. What is s(0)?
1
Let z = 46 + -31. Suppose 0 = -5*r - z, -5*l + 0*r + 36 = -2*r. Let y(p) = -6 + 4*p - 3*p + 7 - 3. Calculate y(l).
4
Suppose 5*g - 3*p = -4*p - 12, 5*g + 21 = 2*p. Let m(s) = s**3 + 2*s**2 + s + 3. Determine m(g).
-9
Let r(c) = c**2. Let f(h) = -h**3 + 5*h**2 + 4*h + 16. Let x be f(6). Suppose 3*t - 9*i + x*i + 31 = 0, -i = 4*t + 3. Give r(t).
4
Let i(w) be the third derivative of -w**4/24 + w**3/6 + 14*w**2. Let k be i(-3). Let m be 4 + (k - 1)*-1. Let l(y) = 4*y**2 + y - 1. Calculate l(m).
4
Let m(k) = 65*k**2 + k + 130. Let j(i) = 23*i**2 + 44. Let f(t) = 17*j(t) - 6*m(t). Determine f(10).
8
Let u(h) = -27*h**2 - h - 1. Let z be u(-1). Let p = z - -26. Let d(t) = t**3 - 2*t**2 - 2*t - 1. Give d(p).
-2
Let w(c) = -c**3 + 13*c**2 - 13*c - 1. Suppose 5*o + 12 - 72 = 0. Determine w(o).
-13
Let q(l) = 0*l - 2*l + 6*l - l + l**3 - 5*l**2 + 5. Let s be q(4). Let g(n) = 1 - 3 + n + s. Calculate g(1).
0
Let m(h) = -h**3 - 5*h**2 + 6*h + 6. Suppose -7 = 5*l - 4*d - 2, -l = -5*d + 22. Let f = 1 - 1. Suppose 3*s = -r + 3, f = -4*r + l*s - s - 30. Determine m(r).
6
Let r(p) be the third derivative of -p**6/120 - p**5/15 - p**4/12 + p**3/6 + p**2. Let z = -359 - -357. Give r(z).
-3
Suppose -2*y = -14 + 24. Let g(r) be the first derivative of r**2/2 - 4*r - 4. Calculate g(y).
-9
Let k(j) = -7*j**2 - 1. Suppose -2*r = -4*b - 4*r + 26, -4*b + 1 = -3*r. Let o = -3 + b. Calculate k(o).
-8
Let m(t) = -t**2 - 2*t + 1. Let h(o) = -2*o**2 + 9*o - 11. Let f be h(4). Suppose -3*z + 0 + 12 = 0. Let k = f + z. Calculate m(k).
-2
Suppose 38*h + 140 = 10*h. Let n(w) = -1. Let o(l) = -l + 4. Let z(a) = -14*n(a) - 2*o(a). Give z(h).
-4
Let f(x) = 7*x - 79. Let w be f(12). Let t(b) be the first derivative of -b + 1/2*b**2 + w. Determine t(-3).
-4
Let p(z) = -z**3 + 7*z**2 - 9*z - 2. Suppose 200*j + 24 = 206*j. Calculate p(j).
10
Let z(p) = p**2 + p + 2. Let x(n) = n**2 - 4*n + 2. Let a be x(2). Let v be (0/(-3))/(a/1). Suppose v*c = -3*c. What is z(c)?
2
Let b(x) = -9*x + 23. Let a(v) = -22*v + 45. Let p(o) = 2*a(o) - 5*b(o). What is p(-11)?
-36
Let t(p) = 15 - 2*p**3 - 20 - 5*p**2 + 3*p**3. Let v(c) = -c - 23.